2*g**3 - 3*g**2 - 4*g + 4. Let r(v) = -v**3 + 2*v**2 + 3*v - 5. Let z(w) = -2*b(w) - 3*r(w). What is z(t)?
7
Let f = -8 - -7. Let d be (0 - 1)*(0 - f). Let w be (-3)/(d + 2)*1. Let i(r) = 3*r + 2. Give i(w).
-7
Let a(p) = 2*p**2 + 2*p + 3. Let s(z) = 2*z**2 + 1 + 5 - z**2 + 6*z. Let q(r) = 2*r**3 + 4*r**2 + 2*r. Let f be q(-2). Let v be s(f). Give a(v).
7
Let d = 3 + 0. Let b(g) = g**3 - 2*g**2 - 3*g + 3. Give b(d).
3
Suppose -3*g = -11*g - 24. Let d(y) = y + 2. Determine d(g).
-1
Let w(o) = -o**3 - 4*o**2 + 2*o + 4. Suppose 0 = 6*k + 5*k + 33. Determine w(k).
-11
Let b(s) = -s**3 - 2. Let d(k) = -7*k**3 - k**2 + 4*k - 12. Let c(h) = -6*b(h) + d(h). What is c(-3)?
6
Let s(y) be the third derivative of y**6/120 - y**5/10 - 7*y**4/24 + 4*y**3/3 + 12*y**2. Determine s(7).
8
Suppose x - 5*x = 0. Let d(h) = 0 + h - 3 + x. What is d(6)?
3
Suppose 5*n + n = -36. Let g(i) = i**3 + 7*i**2 + 3*i + i - 7 + 2*i. Calculate g(n).
-7
Let d(k) be the third derivative of -k**6/120 - 7*k**5/60 + k**4/24 + k**3 + k**2. Give d(-7).
-1
Let v(l) = -7 - 8 + 9 + l. Let z = -10 + 5. What is v(z)?
-11
Let m(w) be the second derivative of -w**5/20 - w**4/3 + w**3/3 + 3*w**2/2 - 4*w. Let s = 4 - 8. What is m(s)?
-5
Let i(m) = -2*m**3 + 4*m**2 - 2*m - 2. Let y be 74/10 - 6/15. Suppose -5*b - 23 = -3*g, b + 5*g + y = -2*b. Let t be 6/4 + (-2)/b. What is i(t)?
-6
Let d(r) be the first derivative of r**3/3 + 5*r**2 + 8*r + 10. What is d(-8)?
-8
Let w = 1 + 2. Let q(g) = w*g + 2*g - 7*g. Calculate q(1).
-2
Let b(u) = 3*u - 1 - 1 + 2 - 2. Suppose 5*m = -4*r - 20, 3*m = 4*m - 4*r + 4. Let n be 8/3*(-6)/m. Calculate b(n).
10
Let c(h) = -h - 2. Suppose 0 = 2*a + 5*i + 30, -a + 0*i = 4*i + 21. Determine c(a).
3
Suppose -4*r + 4*k - 16 = 0, 3*k = -k - 4. Let a(t) be the second derivative of -t**4/12 - 4*t**3/3 - 3*t**2 - 9*t. What is a(r)?
9
Let u(k) = -k**2 + 4 - 4. Let h(m) = m**3 - 9*m**2 + 7*m - 6. Suppose 0 = -4*b + 3*r - 2*r - 16, 5*r = 2*b + 8. Let q(y) = b*u(y) + h(y). Calculate q(4).
6
Let t(u) = -u**2 + u + 1. Let d be 36/90 - (-7)/(-5). Determine t(d).
-1
Let n(f) = f**3 + 12*f**2 + 15*f + 13. Let b(y) = y**2 + y + 1. Let t(j) = 5*b(j) - n(j). Calculate t(-6).
16
Let y(o) = -376*o**2 + 754*o**2 - 379*o**2. Let v = 4 + -1. Suppose 2*r + r = v. Determine y(r).
-1
Let q(l) = 9*l + 1. Let k(x) = 2*x + 1. Let u be k(-1). What is q(u)?
-8
Let s be (-18)/99 - 20/11. Let d(z) be the second derivative of -z**5/60 - z**4/12 + z**3/6 + z. Let b(r) be the second derivative of d(r). What is b(s)?
2
Let s(p) be the third derivative of p**7/2520 - p**6/720 + p**5/12 + 5*p**2. Let q(o) be the third derivative of s(o). Give q(-2).
-5
Let m be -3*(-4)/(-12)*-1. Let x(q) = -5*q. Determine x(m).
-5
Let b = -8 - -7. Let d(m) = -5*m**3 + m**2. Determine d(b).
6
Suppose 7*w = 2*w - 5. Let h(c) be the second derivative of c**4/12 + c**3/3 + c**2/2 + 8*c. Calculate h(w).
0
Suppose -3*a + 2*l + 25 = 0, a - 26 = -3*a - l. Let m(z) = z**2 - 7*z + 2. Give m(a).
2
Let a(i) be the third derivative of -i**5/60 - 5*i**4/24 - i**3/6 + i**2. Calculate a(-2).
5
Let v(j) = j**2 + 7*j - 2. Let h be v(-7). Let p(d) = -d - 2. Let k(c) = 5*c + 9. Let q(t) = h*k(t) - 9*p(t). What is q(-6)?
6
Let s(w) = -w - 2. Let u = -9 - -12. Calculate s(u).
-5
Let h = 15 + -5. Suppose h*u = 5*u + 60. Suppose 2*d = -d - u. Let n(w) = -w. What is n(d)?
4
Let v(j) = -j**2 + 0*j + 2*j + 8 - j + 1. Let n(z) = z**3 - 23*z**2 - 25*z + 24. Let q be n(24). Determine v(q).
9
Let u(o) be the third derivative of -o**4/24 + 7*o**3/6 - 16*o**2. Determine u(6).
1
Let m = 8 + -5. Let r(s) = s**2 + 4*s - 1. Let j be r(-5). Let w(q) = 3*q + 3*q - m - j*q. What is w(5)?
7
Let t(g) = g**2. Let a(b) = -b**2 + 4*b + 3. Let l(y) = -a(y) - 3*t(y). Give l(-2).
-3
Let p(z) = -6*z + 4. Let d(v) = -5*v + 3. Let a(k) = -4*d(k) + 3*p(k). Give a(2).
4
Let a(n) = -n**3 + 8*n**2 - 1. Suppose 16 = 2*k + 4*q, -16 = -2*k + q - 0. Determine a(k).
-1
Let w be -3 + (-2 - (3 + -3)). Let s(b) = -15*b**3 - 21*b**2 + 10*b - 3. Let u(j) = -7*j**3 - 10*j**2 + 5*j - 1. Let l(o) = 6*s(o) - 13*u(o). What is l(w)?
-5
Let x(j) = -j**3 - 6*j**2 - 6*j + 2. Let z be (-7)/14 - 13/(-2). Let f(u) = -z*u**2 - u - 3*u + 3*u. Let q be f(-1). Determine x(q).
7
Let o(r) be the third derivative of -r**4/8 - r**3/2 - 16*r**2. What is o(-2)?
3
Let a(l) = l. Let x(t) = -6*t - 1. Let p(w) = -5*a(w) - x(w). Let k be -7 + (-2 - (3 + -9)). What is p(k)?
-2
Let u(m) be the first derivative of 1/4*m**4 + 4*m + 1/2*m**2 + 1/3*m**3 - 2. Calculate u(0).
4
Let n(b) = b**3 - 4*b**2 + 4*b - 3. Suppose -16 = 4*j + 12. Let l(m) = m**2 + 7*m + 2. Let a be l(j). Suppose -14 + a = -4*f. What is n(f)?
0
Let f(i) = -i**2 + i - 7. Suppose 4*d - 7 = -2*y - y, 3 = -y. Let p = d + -4. Give f(p).
-7
Suppose -1 = 2*i + 1. Let l = 1 - i. Let y(h) = -3 + 2*h + 0*h**2 + l + 4 + h**2 + h**3. Determine y(-2).
-5
Let g be 1 + -2*3/2. Let a(m) be the first derivative of -m**4/2 - 2*m**3/3 + m**2/2 + m - 20. Calculate a(g).
7
Let h = -20 + 20. Suppose 4*f - 25 + 1 = h. Let p(v) = v**2 - 7*v + 5. Give p(f).
-1
Suppose h + 9 = 4*h. Let v(y) be the first derivative of -y**2/2 - 8. Calculate v(h).
-3
Let x(c) = -4*c - 2 + 4*c - c**2 - 2*c + 0*c. Let u = 3 - 2. Let z(o) = -3*o**3 - o**2 + 2*o - 1. Let g be z(u). Give x(g).
-5
Suppose 2*c - s + 2 = -3*s, 0 = 5*c - 3*s - 19. Suppose 3*b + m + 2 = 0, m + c + 2 = -b. Let y(w) = -6*w - 1. Calculate y(b).
-7
Let f(r) be the third derivative of -r**4/24 + 5*r**3/6 + 4*r**2. Let g be (-27)/(-6) - (-1)/(-2). Suppose 5*d - x - 9 = 15, -4*x - g = 3*d. What is f(d)?
1
Let l(t) = -1 + 5 + 3*t - 2 - 2*t. Let a = -11 - -6. Give l(a).
-3
Let u(k) = k**3 + 4*k + 5 - 5*k + 5*k**2 - 3*k. Calculate u(-6).
-7
Let m(n) = 2*n - 5. Let d(p) = p - 3. Let g(l) = -5*d(l) + 2*m(l). Let t be g(4). Let z(c) = 9*c**3 + c**2 - 1. Determine z(t).
9
Suppose 14*c + 6 = -4*l + 9*c, 2 = c. Let g(z) = -2*z + 1. Give g(l).
9
Suppose 2*y + 2*g + 0 = -6, -2*y - 2 = -2*g. Let c be 1/y - 7/(-14). Let q(w) = -w**3 - w - 13. Give q(c).
-13
Let r(s) = -s**2 + 8*s + 1. Let j(g) = -4*g - 4. Let c(k) = 3*k + 3. Let b(w) = -3*c(w) - 2*j(w). Let m(i) = 3*b(i) + r(i). What is m(4)?
2
Let u(k) = k**2 - 5*k + 2. Suppose 0 = 5*o - 5*m - 20, 2*o + 3 = -2*m - 5. Suppose o = 3*d + 3*c - 15, -c - 4 = -3. Determine u(d).
8
Let f be (4 + -8 + 4)/(-1). Let y(l) be the third derivative of -1/120*l**6 + 1/30*l**5 + 0 + 5/24*l**4 - 1/3*l**3 + f*l + l**2. What is y(3)?
4
Let f be (2 - 0) + 8*-1. Let u(n) = -n + 3. Let j(o) = -3*o + 7. Let d(v) = -2*j(v) + 5*u(v). Calculate d(f).
-5
Let u(o) = -3*o + 2. Let g(t) = -6*t + 3. Let r(b) = 3*g(b) - 5*u(b). What is r(-2)?
5
Let o(r) be the first derivative of 4*r**2 - 1. Let n = -47 + 46. Give o(n).
-8
Let m(o) = 6*o + 7. Let l(s) = 5*s + 6. Let c(n) = 5*l(n) - 4*m(n). Suppose -3*v = -7*v. Suppose -3*k + v = 6. Give c(k).
0
Let a(b) = 6*b - 2*b - 5*b. Let i = -4 + 5. Let d = i - 3. Calculate a(d).
2
Let m = 2 - 3. Let a(t) = t. Let r(b) = b**2 - 7*b + 2. Let l(x) = m*r(x) - 2*a(x). Suppose 4 = -2*s - 4*n, -5 = -2*s - 0*s - n. What is l(s)?
2
Let c(b) = 19*b**2 + b + 11*b**2 + 0*b - 23*b**2 + 5. Let a(l) = 13*l**2 + l + 9. Let f(k) = 6*a(k) - 11*c(k). Determine f(5).
-1
Suppose -5*v + 10 = -0. Let s(f) = -1 + 2*f - 3*f**v + 8*f**3 - f**2 + 2*f**2. Let p = 8 - 7. Determine s(p).
7
Let i(d) = d. Suppose 3 = -b + 1. Let p(y) = -2*y**3 - 4*y**2 - 2*y. Let v be p(b). Give i(v).
4
Let l(v) = 3*v**2 - 6*v + 2. Let n(i) = -i**2 + 2*i - 1. Let s(w) = -2*l(w) - 7*n(w). Suppose 0 = -2*c - 3 + 7. What is s(c)?
3
Let l(b) = b**2 + 5*b + 7. Let x(t) = t**2 - 21*t + 62. Let d be x(17). What is l(d)?
13
Let j(c) = -3*c - 6. Let o = -3 - -5. Suppose 4*f - 81 = -5*m, -m - 4*m + 4*f = -49. Suppose 2*s + o = -p + 3*p, m = -s - 3*p. Give j(s).
6
Suppose 0*d - 4*d = 8. Let b(r) = r**3 + 2*r**2 + 2*r - 2. Give b(d).
-6
Let g(v) = -3*v - 6. Let d(j) = j + 2. Let p(b) = 7*d(b) + 2*g(b). What is p(3)?
5
Let v = 15 - 18. Let k = -2 - -6. Let i(t) = -1 - 2*t + k + t. What is i(v)?
6
Let g(z) = -z**3 - z + 1. Let l(w) = -2*w**3. Let p(j) = g(j) + l(j). What is p(1)?
-3
Let w be 3/(6/(-40)*-4). Let j(i) = 11 + 7 - i**3 - 12 + w*i**2 - 3*i. What is j(5)?
-9
Let l = -12 - -15. Suppose 2 = 2*i - 2. Let g(k) = 3 + 4*k**2 + 3*k*